Let u be y(-10). Let g = u - i. What is the hundreds digit of g?
1
Let s be (-10)/6*16/(64/(-7620)). Suppose -s = -4*r + h, -2*r - 4*h + 815 = -r. What is the tens digit of r?
9
Let u = 10358 + -6094. Suppose -5*s + s = -u. What is the tens digit of s?
6
Let m = -1889 - -1003. Let z = m - -2082. What is the units digit of z?
6
Let o(n) = -n**2 + 7*n - 6. Let t be o(6). Let g(u) = -u**2 + 103. Let s be g(t). Let z = s - 40. What is the tens digit of z?
6
Suppose 3*f - 4*f + 52481 = 4*j, -3*f + 157548 = -3*j. What is the units digit of f?
9
Suppose 35 + 363 = -2*w. Suppose 0 = 3*l + 28*p - 23*p + 1030, -2*p = l + 344. Let z = w - l. What is the hundreds digit of z?
1
Let c = 135 - 160. What is the hundreds digit of 3545/(-2)*10/c?
7
Let w(a) = 2*a**2 - 4*a + 1. Let m be w(-4). Let h = -37 + m. Suppose 124 = -11*j + h*j. What is the hundreds digit of j?
1
Suppose y - 78919 = -4*q, 14*y = 2*q + 11*y - 39463. What is the tens digit of q?
3
Let y be (-84)/(-12) + (-1 - -1216). Suppose -416 = -x + 2*k, 4*x - 429 - y = -5*k. What is the tens digit of x?
1
Let u = -3 + 17. Suppose q + u = 2*f, -5 - 5 = -2*f - q. Suppose 5*x + r - 65 = f*r, -5*x - 4*r = -29. What is the units digit of x?
9
Let i(k) = -7*k + 35. Let s be i(5). Let l be s/((-4)/(-3)*15/(-10)). Suppose 4*u - 10*u + 696 = l. What is the units digit of u?
6
Let v be ((-4)/(-3))/((-16)/(-24)). Suppose 7*n - 1020 = v*n. What is the units digit of n?
4
Let h(v) = 1536*v**2 + 16*v + 106. What is the hundreds digit of h(5)?
5
Suppose -1372 = -x + 93. Suppose -3*m + x = -b - 1067, 2*m + 2*b - 1696 = 0. What is the tens digit of m?
4
What is the units digit of 329969/5 + 964/20 + -48?
4
Suppose 15*n = 18*n - 33. Let b(u) = -9*u + 26 - n*u + 24*u + 9. What is the hundreds digit of b(17)?
1
Let s be 4*7 + (-3 - -4) + -2. Let t = s + -26. Suppose -h = -2*w + 4, -3*w - 5*h + t = -5. What is the units digit of w?
2
Let u(x) = -534*x**3 - 4*x**2 + 4*x - 1. Let n be u(1). Let h = -309 - n. Let a = h + -49. What is the tens digit of a?
7
Suppose -5*c - 2*h + 40560 = -6*h, h - 16211 = -2*c. What is the thousands digit of c?
8
Let w = -49 - -49. Suppose -5*f = -w*f + 5. What is the hundreds digit of 135 - ((-9)/3 - f)?
1
Suppose 7426 = 3*a + 11*z - 9*z, -5*z + 25 = 0. What is the thousands digit of a?
2
Let f(t) = t + 97. Let a = 226 + -215. What is the units digit of f(a)?
8
Let n(v) = 365*v**3 + 2*v**2 - 8*v + 18. What is the units digit of n(3)?
7
Let f(j) = -j - 56. Let s be f(-28). What is the hundreds digit of ((-35)/s - -4)*(54 + -2)?
2
Suppose -11828 = -2*c - 3*l, 0 = -2*c - 46*l + 42*l + 11832. What is the thousands digit of c?
5
Let p(u) = u**3 + 4*u**2 + u - 4. Let q be p(-3). Suppose 0 = q*v - v - 4. Suppose -v*a - 44 = -5*a. What is the tens digit of a?
4
Let m = -10842 + 18168. What is the hundreds digit of m?
3
Suppose -5*k = q - 10859, -126*q + 130*q - 10856 = -5*k. What is the units digit of k?
2
Let i be (2 + 2)*(-12)/(-48). What is the tens digit of ((-126)/56)/(i/(-324))?
2
Let q be 24/(-20)*(-12 - -2*1). Suppose 27*f = q*f - 1230. Let w = 110 - f. What is the hundreds digit of w?
1
Let b be 596/16 + 0 - (-1)/(-4). Let d = b + -36. What is the tens digit of d*(-126)/(0 - 3)?
4
Let j(g) = 6*g - 43. Let r be j(8). What is the hundreds digit of r - 4 - (-628 - 17)?
6
Let h(u) = 5*u - 102. Let i be h(20). What is the units digit of ((-48)/(-12))/(i/(-132))?
4
Let s = -2771 - -9491. What is the units digit of s?
0
Let h(f) = 33*f**2 + 90*f + 27. Let g be h(-6). Let m = 1234 - g. What is the hundreds digit of m?
5
Let i = -38630 + 86097. What is the hundreds digit of i?
4
Suppose -5*l = -32623 + 8048. Let m = l - 3233. What is the hundreds digit of m?
6
Let p(j) = -6*j**2 - j + 3. Let w = 87 - 92. Let u be p(w). What is the tens digit of (u/(-4))/((-18)/(-36))?
7
Suppose 3*m - 9*u = -14*u - 1057, 1067 = -3*m + 5*u. Let x(w) = -w + 3. Let r be x(7). What is the hundreds digit of (m/r)/((2/(-4))/(-1))?
1
Let q(f) = 6*f**2 - 13*f - 15. Let d(r) = -5*r**2 + 13*r + 15. Let u(i) = -5*d(i) - 4*q(i). Suppose 85 = -2*m + 7*m. What is the units digit of u(m)?
3
Let k(y) = -7*y**3 - 2*y**2 + 5*y + 6. Suppose 0 = 65*f - 67*f - 4. Let n be k(f). Suppose 2*h = t + n, -t + 8 = 3*t. What is the units digit of h?
3
Let x be (-16)/(-3)*(-369)/(-6). Let j = x - -86. What is the hundreds digit of j?
4
Suppose 3*f + 4*z = -14, -f + 1 = -2*z - 1. Let j be ((-11)/2 - f)/((-5)/(-20)). Let h = 47 + j. What is the units digit of h?
3
Let n be (-52)/130 - (-1 - 777/5). Suppose -q + 2*x + n = 0, -466 = -2*q - q + 5*x. Let g = q - 87. What is the units digit of g?
5
Let w(k) be the first derivative of -21*k**2/2 + 258*k - 62. What is the hundreds digit of w(-35)?
9
Let s = 36 - 0. Suppose s = -48*g + 47*g. Let j = 69 + g. What is the tens digit of j?
3
Let g(n) = -n**3 + 22*n**2 - 42*n + 40. Let d be g(20). What is the hundreds digit of -25 + 23 + 1073/1 + d?
0
Suppose 40785 = 2579*n - 2574*n. What is the hundreds digit of n?
1
Suppose -4*k + 4*u = -24036, -u - 1584 - 28457 = -5*k. What is the hundreds digit of k?
0
Let x(f) = 3*f**2 + 2*f - 6. Let q be x(-3). Let h(p) = 9*p - 6. Let b be h(q). Suppose 2*l + r = 3*r + 246, -l + b = -3*r. What is the hundreds digit of l?
1
Suppose 4*x - 1 = -2*j + 1, j = -3*x + 1. Let y be (1 + (-7)/((-175)/(-15)))/(2/190). Suppose -6*m + 4*m + y = -f, f = x. What is the units digit of m?
9
Let o(w) = 4*w - 39. Let m be o(10). What is the hundreds digit of (4/(-32)*-4)/m*1348?
6
Let h(i) = -i**2 + 5*i + 378. Let m be h(0). Let n = -305 + m. What is the units digit of n?
3
Let s(t) = 20*t**3 - 27*t + 48 + 19*t**2 - 32*t**2 - 19*t**3. Let g be s(15). Let n = g - 67. What is the tens digit of n?
2
Let q = -37836 + 80554. What is the ten thousands digit of q?
4
Suppose 0 = -x - 4*v + 724, 337*x - 338*x + 716 = 5*v. What is the units digit of x?
6
Suppose -2*l + 15 = -4*l - 3*q, 0 = 5*l - 5*q. Let m be ((-18)/4 - l)*(-2 + -476). Suppose 6*w - 111 = m. What is the hundreds digit of w?
1
Let o be (8 - 0)/(18/9). Suppose 6*q = 3*q - o*l - 91, -4*q + 4*l = 112. Let y = 53 + q. What is the units digit of y?
4
Let k = 8369 + -5534. What is the hundreds digit of k?
8
Let v(x) = x**3 + 15*x**2 - 4*x + 1. Let u be v(-12). Let m = -260 + u. What is the hundreds digit of m?
2
Suppose 4*l = 64 - 0. Suppose 3*q + 3*a = -0*a - 12, 4*a = -5*q - l. Suppose -11*m - 175 + 901 = q. What is the units digit of m?
6
Suppose 5*d = 2*d - 0*d. Suppose 2*h - 1828 + 534 = d. What is the hundreds digit of h?
6
Let o = 2399 + 87483. What is the ten thousands digit of o?
8
Let c be 1118/(-34) - 8/68. Let l be (-589)/(-3) + (-22)/c. Suppose -2*b = -3*a + 7*a - 98, 5*b - l = 2*a. What is the tens digit of b?
4
Let y(l) = -73 + 3*l**3 - 2*l**3 - 179*l**2 + 209*l**2 - 36*l. What is the tens digit of y(-31)?
8
Suppose 0 = 2*n - r - 3247, 5*n + 20*r - 8119 = 24*r. What is the thousands digit of n?
1
Let b = 144 + -137. Suppose b*c - 1127 = 686. What is the units digit of c?
9
Suppose -347*g + 1071 = -354*g. What is the hundreds digit of -5 + 4 - 6 - g?
1
Suppose 1016380 = -11265*q + 11285*q. What is the thousands digit of q?
0
What is the units digit of 1539/(-108)*(11 - 1479)?
9
Suppose 4*s + s + 20 = 0, 0 = 2*v - 2*s - 886. Suppose -12 = -3*l, 2*a - v = 3*l + 133. What is the units digit of a?
2
Suppose 2*i + 8*a = 6*a + 52194, a + 4 = 0. What is the thousands digit of i?
6
Let r = 10473 + -7396. What is the tens digit of r?
7
Let f be (5/(-15))/((-3)/17298). Let z = -1205 + f. Suppose 2*v - 336 = 2*c, -2*v = 2*v + 5*c - z. What is the tens digit of v?
7
Suppose -4*y = -5*h + 75, 3*y - 30 = 5*h - 7*h. Let t(l) = 3*l + 2*l**2 - 3*l**2 + 28 + 11*l. What is the units digit of t(h)?
3
Suppose 0 = -3*v + t + 66, 2*t = -3*v - 2*t + 51. What is the hundreds digit of (-2218)/(-4) + v/(-42)?
5
Suppose -k - 30 = -2*l, -3*k = l + 17 + 66. Let j = k - 17. Let a = 65 + j. What is the units digit of a?
0
Let j(z) = 3*z**2 - 2*z + 9. Let q = 35 - 33. Suppose 4*v - 12 = q*v. What is the units digit of j(v)?
5
Let u(l) be the first derivative of -l**4/4 - 22*l**3/3 + 16*l**2 - 43*l - 41. What is the tens digit of u(-24)?
4
Suppose -k = 3*k + 4*a - 164, 67 = 2*k - 3*a. Suppose 3*f - 2*x = -k, 0 = 3*f + 5*x - 0*x + 10. What is the tens digit 